{"id":34,"date":"2023-07-19T19:23:25","date_gmt":"2023-07-19T19:23:25","guid":{"rendered":"https:\/\/attractive-paintball.com\/?page_id=34"},"modified":"2026-04-07T22:46:56","modified_gmt":"2026-04-07T20:46:56","slug":"le-paintball","status":"publish","type":"page","link":"https:\/\/attractive-paintball.com\/index.php\/le-paintball\/","title":{"rendered":"Le Paintball"},"content":{"rendered":"\n<h2 class=\"wp-block-heading\"><strong>Le Paintball en quelques mots&nbsp;<\/strong><\/h2>\n\n\n\n<p>Les premiers lanceurs furent utilis\u00e9s en Australie o\u00f9 les \u00e9leveurs se servaient de ceux-ci afin de marquer le b\u00e9tail dans les ann\u00e9es 70. C&rsquo;est dans le d\u00e9but des ann\u00e9es 80 que le paintball apparait sous forme de jeu aux \u00c9tats-Unis et en Australie. Le paintball d\u00e9barque \u00e0 la fin des ann\u00e9es 80 en Grande Bretagne et au d\u00e9but des ann\u00e9es 90 en France et dans le reste de l&rsquo;Europe.&nbsp;<br><br>Le Paintball est avant tout un sport ludique \u00e0 pratiquer en famille ou entre amis mais on peut aussi le retrouver sous la forme d&rsquo;un v\u00e9ritable sport d&rsquo;\u00e9quipe, comme le football, le rugby etc&#8230; o\u00f9 l&rsquo;on retrouvera le m\u00eame syst\u00e8me avec ses entra\u00eenements, ses comp\u00e9titions, ses championnats et ses stars.<\/p>\n\n\n\n<div style=\"height:100px\" aria-hidden=\"true\" class=\"wp-block-spacer\"><\/div>\n\n\n\n<h2 class=\"wp-block-heading\"><strong>Le principe du jeu<\/strong><\/h2>\n\n\n\n<p>&nbsp;De deux \u00e0 plusieurs \u00e9quipes se rencontrent sur des terrains parsem\u00e9s d&rsquo;obstacles (Gonflables, naturels, fabriqu\u00e9s&#8230;) et doivent parvenir \u00e0 l&rsquo;objectif fix\u00e9 en d\u00e9but de partie.&nbsp;<br>&nbsp;<br>Les participants sont \u00e9quip\u00e9s d&rsquo;un marqueur qui va permettre de tirer des billes (biodegradables sur notre site) \u00e0 base de g\u00e9latine contenant un colorant alimentaire, qui \u00e9clateront lors de l&rsquo;impact et permettront ainsi de voir si l&rsquo;un des participants est touch\u00e9 ou non.&nbsp;<br>&nbsp;<br>Une partie dure environ une quinzaine de minutes (nos forfaits permettent d&rsquo;effectuer plusieurs parties 6 en moyenne cela d\u00e9pendra de votre habilit\u00e9 et de votre tendance \u00e0 avoir la g\u00e2chette facile ou non) mais varie en fonction du sc\u00e9nario choisi.&nbsp;<\/p>\n\n\n\n<div style=\"height:100px\" aria-hidden=\"true\" class=\"wp-block-spacer\"><\/div>\n\n\n\n<h2 class=\"wp-block-heading\"><strong>La s\u00e9curit\u00e9<\/strong>&nbsp;<\/h2>\n\n\n\n<p>La s\u00e9curit\u00e9 est tr\u00e8s importante dans le paintball et nous en faisons une de nos priorit\u00e9s.\u00a0<br><br>&#8211; Les marqueurs sont r\u00e9gl\u00e9s afin de ne pas d\u00e9passer 260 fps (soit environ 285km\/h) le site dispose d&rsquo;un radar qui permet de le faire.\u00a0<br><br>&#8211;\u00a0<mark style=\"background-color:rgba(0, 0, 0, 0);color:#ff0000\" class=\"has-inline-color\">En dehors des zones de jeu le marqueur devra \u00eatre muni de son bouchon \u00e0 canon.<\/mark>\u00a0<br><br>&#8211; <mark style=\"background-color:rgba(0, 0, 0, 0);color:#ff0000\" class=\"has-inline-color\">Il est imp\u00e9ratif de\u00a0toujours garder son masque sur l&rsquo;aire de jeu quoi qu&rsquo;il arrive<\/mark>, vous ne pourrez le retirer qu&rsquo;une fois sorti du terrain.\u00a0<br><br>&#8211;\u00a0<mark style=\"background-color:rgba(0, 0, 0, 0);color:#ff0000\" class=\"has-inline-color\">On ne tire pas sur un adversaire (ou amis d&rsquo;ailleurs&#8230;) \u00e0 moins de 7 m\u00e8tres<\/mark>, pour rappel une bille est propuls\u00e9e \u00e0 260fps soit du 285 km\/h !<br><br>&#8211; Lorsque vous \u00eates touch\u00e9 criez \u00ab\u00a0OUT\u00a0\u00bb OU \u00ab\u00a0TOUCH\u00c9\u00a0\u00bb, levez ensuite une main en l&rsquo;air pour faire comprendre \u00e0 vos adversaires que vous \u00eates hors-jeu et\u00a0gardez votre masque\u00a0jusqu&rsquo;\u00e0 la sortie du terrain, il est donc strictement interdit de tirer sur quelqu&rsquo;un qui a la main lev\u00e9e.\u00a0<br><br>&#8211;\u00a0<mark style=\"background-color:rgba(0, 0, 0, 0);color:#ff0000\" class=\"has-inline-color\">La consommation d&rsquo;alcool est strictement interdite\u00a0pour la pratique du paintball<\/mark>. Nous n&rsquo;accepterons pas une personne si elle n&rsquo;est pas en pleine possession de ses capacit\u00e9s.\u00a0<br><br>&#8211; Nous acceptons les enfants\u00a0\u00e0 partir de 12 ans\u00a0et nous mettons \u00e0 leur disposition du mat\u00e9riel adapt\u00e9 (r\u00e9duction de la puissance du marqueur&#8230;),\u00a0<mark style=\"background-color:rgba(0, 0, 0, 0);color:#ff0000\" class=\"has-inline-color\">il faudra d\u00e9livrer une autorisation parentale pour les mineurs non accompagn\u00e9s.<\/mark>\u00a0<br><br>&#8211; La zone spectateur est entour\u00e9e de filets ce qui permet de vivre l&rsquo;action au plus pr\u00e8s.\u00a0<br><br>&#8211; Une assurance en responsabilit\u00e9 civile couvre chaque participant.\u00a0<\/p>\n\n\n\n<p><em><mark style=\"background-color:rgba(0, 0, 0, 0);color:#ff0000\" class=\"has-inline-color\">ATTRACTIVE PAINTBALL se r\u00e9serve le droit d&rsquo;\u00e9liminer voire d&rsquo;exclure d\u00e9finitivement un joueur qui ne respecte pas le r\u00e8glement !<\/mark><\/em><\/p>\n","protected":false},"excerpt":{"rendered":"<p>Le Paintball en quelques mots&nbsp; Les premiers lanceurs furent utilis\u00e9s en Australie o\u00f9 les \u00e9leveurs se servaient de ceux-ci afin de marquer le b\u00e9tail dans les ann\u00e9es 70. C&rsquo;est dans le d\u00e9but des ann\u00e9es 80 que le paintball apparait sous forme de jeu aux \u00c9tats-Unis et en Australie. Le paintball [&hellip;]<\/p>\n","protected":false},"author":1,"featured_media":0,"parent":0,"menu_order":0,"comment_status":"closed","ping_status":"closed","template":"","meta":{"footnotes":""},"class_list":["post-34","page","type-page","status-publish","hentry"],"aioseo_notices":[],"_links":{"self":[{"href":"https:\/\/attractive-paintball.com\/index.php\/wp-json\/wp\/v2\/pages\/34","targetHints":{"allow":["GET"]}}],"collection":[{"href":"https:\/\/attractive-paintball.com\/index.php\/wp-json\/wp\/v2\/pages"}],"about":[{"href":"https:\/\/attractive-paintball.com\/index.php\/wp-json\/wp\/v2\/types\/page"}],"author":[{"embeddable":true,"href":"https:\/\/attractive-paintball.com\/index.php\/wp-json\/wp\/v2\/users\/1"}],"replies":[{"embeddable":true,"href":"https:\/\/attractive-paintball.com\/index.php\/wp-json\/wp\/v2\/comments?post=34"}],"version-history":[{"count":4,"href":"https:\/\/attractive-paintball.com\/index.php\/wp-json\/wp\/v2\/pages\/34\/revisions"}],"predecessor-version":[{"id":211,"href":"https:\/\/attractive-paintball.com\/index.php\/wp-json\/wp\/v2\/pages\/34\/revisions\/211"}],"wp:attachment":[{"href":"https:\/\/attractive-paintball.com\/index.php\/wp-json\/wp\/v2\/media?parent=34"}],"curies":[{"name":"wp","href":"https:\/\/api.w.org\/{rel}","templated":true}]}}